ands digit of 81654239?
6
What is the ten thousands digit of 18485766?
8
What is the tens digit of 3104683632?
3
What is the ten thousands digit of 70055694?
5
What is the ten millions digit of 18448408?
1
What is the tens digit of 82285334?
3
What is the tens digit of 51816513?
1
What is the hundred millions digit of 313434870?
3
What is the hundred thousands digit of 526043818?
0
What is the ten thousands digit of 31759284?
5
What is the tens digit of 766296885?
8
What is the units digit of 40041322?
2
What is the billions digit of 4017371494?
4
What is the hundreds digit of 111667263?
2
What is the thousands digit of 72284167?
4
What is the hundred thousands digit of 130688557?
6
What is the units digit of 113711138?
8
What is the tens digit of 18979490?
9
What is the ten thousands digit of 1487018864?
1
What is the tens digit of 37071157?
5
What is the ten millions digit of 496564808?
9
What is the ten millions digit of 28517278?
2
What is the hundred thousands digit of 277756855?
7
What is the hundred thousands digit of 203645427?
6
What is the units digit of 5039164038?
8
What is the thousands digit of 618570834?
0
What is the thousands digit of 2425031519?
1
What is the thousands digit of 234265713?
5
What is the millions digit of 245111739?
5
What is the hundreds digit of 1291252043?
0
What is the tens digit of 228026308?
0
What is the thousands digit of 70535805?
5
What is the millions digit of 4960583647?
0
What is the tens digit of 111342789?
8
What is the ten thousands digit of 39285501?
8
What is the tens digit of 85354873?
7
What is the ten millions digit of 22095647?
2
What is the hundreds digit of 134722711?
7
What is the tens digit of 438166674?
7
What is the ten millions digit of 28370099?
2
What is the hundred thousands digit of 54457491?
4
What is the hundreds digit of 52957086?
0
What is the hundreds digit of 750246365?
3
What is the units digit of 2086278?
8
What is the millions digit of 20819534?
0
What is the ten thousands digit of 349953698?
5
What is the millions digit of 72694604?
2
What is the hundred thousands digit of 98966876?
9
What is the tens digit of 363144981?
8
What is the tens digit of 157551197?
9
What is the millions digit of 991597263?
1
What is the thousands digit of 1230608804?
8
What is the thousands digit of 226271875?
1
What is the tens digit of 44110174?
7
What is the hundreds digit of 2205872846?
8
What is the units digit of 488518224?
4
What is the ten thousands digit of 423680904?
8
What is the ten thousands digit of 1024706079?
0
What is the thousands digit of 2956378852?
8
What is the millions digit of 351128238?
1
What is the millions digit of 745342010?
5
What is the ten millions digit of 169413054?
6
What is the hundred thousands digit of 101856042?
8
What is the ten thousands digit of 206971489?
7
What is the tens digit of 2552555837?
3
What is the tens digit of 230006025?
2
What is the tens digit of 21517960?
6
What is the ten millions digit of 547863448?
4
What is the units digit of 702883480?
0
What is the millions digit of 20334428?
0
What is the ten millions digit of 157413061?
5
What is the hundred millions digit of 1055607239?
0
What is the ten millions digit of 234157971?
3
What is the thousands digit of 32554675?
4
What is the hundred thousands digit of 255077300?
0
What is the hundreds digit of 268571168?
1
What is the ten millions digit of 2258788176?
5
What is the ten thousands digit of 1462219860?
1
What is the units digit of 140830839?
9
What is the hundreds digit of 1067231235?
2
What is the ten millions digit of 159191644?
5
What is the hundreds digit of 57447704?
7
What is the ten thousands digit of 390446143?
4
What is the millions digit of 1295592829?
5
What is the millions digit of 1312783841?
2
What is the ten thousands digit of 1389347945?
4
What is the tens digit of 3237147921?
2
What is the tens digit of 18207743?
4
What is the ten thousands digit of 1516374237?
7
What is the hundred millions digit of 6234807815?
2
What is the hundreds digit of 33209124?
1
What is the billions digit of 4473609377?
4
What is the hundreds digit of 412126993?
9
What is the hundred thousands digit of 444856419?
8
What is the thousands digit of 273185867?
5
What is the thousands digit of 42785062?
5
What is the ten millions digit of 48766753?
4
What is the thousands digit of 218690687?
0
What is the tens digit of 3393641833?
3
What is the units digit of 73128579?
9
What is the hundred millions digit of 361292055?
3
What is the millions digit of 103393054?
3
What is the ten thousands digit of 91651543?
5
What is the units digit of 5005624647?
7
What is the units digit of 535009340?
0
What is the hundred millions digit of 3403621909?
4
What is the ten thousands digit of 34920545?
2
What is the hundred millions digit of 620513330?
6
What is the ten millions digit of 1021928094?
2
What is the hundred thousands digit of 181688036?
6
What is the hundred thousands digit of 225582533?
5
What is the hundred millions digit of 4759333232?
7
What is the tens digit of 453353718?
1
What is the units digit of 35406897?
7
What is the units digit of 921275542?
2
What is the ten millions digit of 552303393?
5
What is the thousands digit of 197708850?
8
What is the thousands digit of 4431758839?
8
What is the millions digit of 90681362?
0
What is the hundred millions digit of 2769837329?
7
What is the hundred millions digit of 112267467?
1
What is the hundred thousands digit of 1685073592?
0
What is the units digit of 151180222?
2
What is the thousands digit of 3818452972?
2
What is the ten thousands digit of 144734365?
3
What is the millions digit of 1072501373?
2
What is the millions digit of 149592584?
9
What is the units digit of 124787903?
3
What is the ten millions digit of 2952500241?
5
What is the tens digit of 66714066?
6
What is the units digit of 989121?
1
What is the thousands digit of 380945707?
5
What is the tens digit of 304201393?
9
What is the ten millions digit of 2267536350?
6
What is the tens digit of 57388281?
8
What is the thousands digit of 72255765?
5
What is the hundred thousands digit of 243617829?
6
What is the tens digit of 3609497500?
0
What is the millions digit of 15796460?
5
What is the hundreds digit of 249844807?
8
What is the tens digit of 700895892?
9
What is the millions digit of 56991673?
6
What is the hundreds digit of 34833598?
5
What is the hundred millions digit of 331747876?
3
What is the thousands digit of 155471827?
1
What is the hundred millions digit of 2194782596?
1
What is the tens digit of 26719834?
3
What is the ten thousands digit of 1007666784?
6
What is the units digit of 108756186?
6
What is the ten thousands digit of 5127011111?
1
What is the ten millions digit of 104519690?
0
What is the thousands digit of 60747740?
7
What is the units digit of 2271895326?
6
What is the units digit of 390855061?
1
What is the ten thousands digit of 180833215?
3
What is the tens digit of 957766986?
8
What is the hundreds digit of 15198215?
2
What is the units digit of 4269033?
3
What is the hundreds digit of 94961811?
8
What is the millions digit of 268487570?
8
What is the hundred thousands digit of 78471660?
4
What is the hundred thousands digit of 122323237?
3
What is the hundreds digit of 88375540?
5
What is the units digit of 49183016?
6
What is the units digit of 3955504982?
2
What is the ten thousands digit of 5522449984?
4
What is the ten millions digit of 3225222698?
2
What is the units digit of 316302550?
0
What is the tens digit of 366119880?
8
What is the ten thousands digit of 123663910?
6
What is the tens digit of 534448213?
1
What is the tens digit of 32499693?
9
What is the tens digit of 1311960259?
5
What is the ten thousands digit of 96962615?
6
What is the hundred thousands digit of 396611770?
6
What is the hundreds digit of 53470381?
3
What is the units digit of 26659890?
0
What is the thousands digit of 52682351?
2
What is the units digit of 119068649?
9
What is the hundred thousands digit of 52687583?
6
What is the units digit of 15472307?
7
What is the tens digit of 3689767692?
9
What is the ten thousands digit of 48815874?
1
What is the tens digit of 3352096272?
7
What is the ten thousands digit of 109656191?
5
What is the billions digit 